+ 3*p + 27. Is m(c) prime?
False
Let x(w) = 617*w**2 - 106*w - 27. Is x(-8) prime?
False
Let p(u) = -u**3 - 16*u**2 - 22*u + 23. Let c be (7 - 3)/((-4)/20). Is p(c) prime?
True
Let d = 52 - 20. Suppose -d*h + 31*h + 343 = 0. Suppose 5*b + h = 2*v, 4*v - 323 = -3*b + 298. Is v prime?
False
Let b = -524 - -521. Is (b - (-166668)/4) + 1 + 4 a prime number?
True
Suppose 2*a = 10*a + 16. Let q(k) = -2*k**2 - 8*k - 10. Let v be q(a). Is (-1 + 535/v)/(1/(-2)) prime?
False
Is (-230)/(-138)*(-5)/((-25)/2643741) a prime number?
False
Suppose 2*d = 16547 + 32949. Suppose -43*z + 47*z = d. Is z a prime number?
False
Let b(n) be the first derivative of 94*n**2 - 129*n + 39. Is b(22) a composite number?
False
Let h = 168 - 168. Suppose h = 5*x + 2*o - 64095, -11*o + 12*o + 51263 = 4*x. Is x composite?
True
Suppose a - 3*p + 6*p - 41060 = 0, 3*a + 5*p = 123176. Is a/19 - 24/(-228) composite?
False
Let u(x) = x**3 - 9*x**2 - 131*x - 188. Is u(41) a composite number?
True
Suppose 4*m = -4*r + 3100, -2326 = -3*r + 21*m - 23*m. Is (r/(-6) + -3)*15*-1 composite?
True
Let q = -4 - 11. Let f be (-1072)/(-10) + 3/q. Let n = f - 52. Is n a prime number?
False
Suppose -68*j + 50*j + 14017194 = 0. Is j a prime number?
True
Suppose -6*n = 4*n - 20050. Let t = n - 540. Suppose 5*p = 4*x + 4*p - 1197, -5*p = 5*x - t. Is x composite?
True
Let d = -70158 + 163787. Is d composite?
False
Suppose -65*f - 3054502 = 69*f - 156*f. Is f composite?
False
Let z be (-11)/((-11)/58330) + 2. Suppose -5*w = 7*w - z. Is w a composite number?
False
Let s be (-2 + (0 - 0))*(-29 + 26). Suppose 1388 - 5342 = -s*k. Is k a prime number?
True
Suppose 36*r + 4*y = 32*r + 453912, r + 2*y = 113483. Is r a prime number?
False
Let c = 607 + -377. Let w be 4/6 - 36/(-27). Suppose -w*b = -12*b + c. Is b prime?
True
Suppose 2*k - 6 = 0, -2*g - 853 = 4*k - 21491. Is g a composite number?
False
Let p(j) = -3713*j + 1373. Is p(-22) a prime number?
True
Suppose -13394 = -5*w + 3*u, -4*w - 4*u - 555 + 11283 = 0. Let h(b) = -b**2 + 14*b - 20. Let d be h(12). Suppose d*m - w = 4204. Is m prime?
True
Let j = 14654 + 1457. Is j composite?
False
Suppose -f + 866 = -2*y + 3129, -5*y = 4*f - 5638. Let s = y - 495. Is s prime?
False
Let m = -52583 + 75114. Is m a prime number?
True
Suppose 131*h = -62*h + 6393511. Is h composite?
True
Let l(w) = 4*w**2 + 2*w + 31. Suppose 4*r - 29 = 55. Is l(r) prime?
False
Let v(u) = 4408*u - 4420*u - u**3 - 6*u**2 + 17*u**2 + 16. Let t be v(10). Is ((55968/8)/(-6))/(t/2) composite?
True
Let i = 19 + -15. Suppose 3*n - 106 = m - 3818, i*n - m = -4949. Is -1 + (-3 - n) + 4 a composite number?
False
Let v be ((-60)/50)/((4/10)/1). Let j be 7 + (v - 0) + -2. Suppose 0 = -2*b - j, h + 4*h - 1054 = -b. Is h a prime number?
True
Let k(y) = 274*y**3 - 11*y**2 + 78*y - 128. Is k(9) prime?
True
Let o be ((3 + -4)*1)/((-1)/9). Let w(v) = o + 3 - 2 - 12*v. Is w(-3) a prime number?
False
Let r(h) = -712*h - 3605. Is r(-46) a composite number?
False
Let p(y) = y**3 + 19*y**2 + 17*y + 1. Is p(16) a composite number?
True
Let s = -96862 - -147633. Is s a prime number?
False
Let t = -37445 + 73867. Is t a prime number?
False
Suppose -2*x + 134311 - 36021 = 0. Suppose -x = -5*v + 2*z - 5*z, -2*z + 39316 = 4*v. Is v a composite number?
False
Let j be 1/(2 + (-44)/24). Is (-8 + -25193 + j)*(-2)/10 prime?
True
Let x = 321 + -13. Suppose -213 = 305*m - x*m. Is m a prime number?
True
Let k = 47980 + -21394. Suppose -20*l = -k - 42154. Is l prime?
False
Suppose -9 = -20*h + 17*h. Suppose -j + 3*z = -66, -j - h*j + 255 = -3*z. Is (-4)/7 + 981/j a prime number?
False
Suppose -4*z = -5*k + 4, 2 = 4*k - 4*z - 2. Let x be (3 - 1) + 339 + -1. Suppose k = 3*b + b - x. Is b a composite number?
True
Suppose -5*i = -3*g - 35326, -i = 2*g - 0*i + 23555. Let d = 18444 + g. Is d composite?
True
Suppose 720 + 1104 = -38*v. Is (2*53876/v)/((-20)/120) a composite number?
False
Let u = 36 - 14. Suppose 19*z - u*z + 51457 = 4*t, 4*t - 34298 = -2*z. Is z prime?
True
Let o(f) = -4774*f + 4405. Is o(-34) a prime number?
False
Let u(p) = -9*p**3 - 2*p**2 - 5*p - 5. Let d(m) = 2*m**2 + 4*m - 3. Let r be d(1). Suppose -16 = 4*b, r*g - b + 4*b = -21. Is u(g) a composite number?
True
Suppose -19*t - 9927 = -86440. Is t + 4 - 5 - -7 composite?
True
Suppose -5*c - 280 = -55. Is ((-83010)/c)/((-4)/(-6)) a composite number?
False
Suppose -4*h = 16, 5*n + 160394 - 565220 = -h. Is n composite?
True
Suppose 2*n + 31*b - 223106 = 27*b, -111562 = -n - 5*b. Is n a composite number?
True
Let u(p) = 1135*p**2 + 111*p - 775. Is u(7) composite?
True
Let g(t) be the third derivative of -t**5/60 + 17*t**4/8 - 31*t**3/6 - 56*t**2. Is g(23) composite?
False
Let h(d) be the second derivative of -2281*d**3/6 - 7*d**2 - 9*d - 3. Is h(-1) a prime number?
True
Let q(z) be the first derivative of 20*z**4 - 5*z**3/3 + 3*z**2/2 + 13*z + 14. Suppose -134*a = -129*a - 20. Is q(a) composite?
True
Suppose -4*z = t + 2*t - 149, 5*z = -4*t + 185. Let a(w) = -w**3 + 60*w**2 - 36*w + 90. Is a(z) a composite number?
False
Let p(u) = -u**2 - 7*u + 4. Let b be p(-6). Let i(n) = 4*n**2 + 5*n - 5. Let m(y) = -11*y**2 - 8*y + 11. Let q(k) = -9*i(k) - 4*m(k). Is q(b) a prime number?
False
Let a(j) = -98*j**3 + 6*j - 25*j + 37 + 21 + 2*j**2 - 85. Is a(-4) composite?
False
Suppose 0*u - 4*u + 1966491 = 5*o, 0 = -4*u - 4. Is o prime?
True
Let o(i) = i + 0*i + 53 + 2*i - 37. Let x be o(-6). Is x/(1 - (-90)/(-89)) a prime number?
False
Suppose 4*p - 5 - 15 = 0. Suppose 0 = -5*b - 3*v + 4726, 4*b = -p*v + 4*v + 3778. Suppose -u + b = 7*u. Is u prime?
False
Let j = -44 + 36. Let n be (-98)/j + (-50)/40. Suppose 4*w = -3*f + 3331, 16*w = f + n*w - 1104. Is f prime?
True
Let g(i) = 112821*i + 437. Is g(6) composite?
True
Let c(z) = -12 + 21*z + 6*z - 20 - 5 - 15*z + 248*z**2. Is c(4) a composite number?
True
Let m be 10*(34/4 - 3). Let r = m + -53. Suppose -408 = -2*k + r*c, k - 2*c = 114 + 89. Is k prime?
False
Suppose k = -0*k + 4*k. Let l(h) be the second derivative of h**4/12 + h**3/6 + 743*h**2/2 - 10*h. Is l(k) prime?
True
Suppose 0*n + 6*n - 542989 - 219953 = 0. Is n a prime number?
True
Suppose -32 = 2*h - 5*h + 2*i, 3*h = 3*i + 30. Let q be (-16)/(-6)*h/8. Is (q/6)/(12/5868) prime?
False
Let h = 96836 - -14083. Is h a prime number?
False
Let o be (-2)/7 + (-24)/14. Let i be ((9 - 1) + 733/(-4))*-4. Is o/4*i*6/(-3) a composite number?
False
Let x = 3513 + -5481. Suppose -60*q = 37473 + 20067. Let p = q - x. Is p a prime number?
True
Let o = 382101 - 86579. Is o composite?
True
Suppose 3*p + 3*u - 3129 = 0, -3*p + u = -u - 3119. Suppose -15 = -8*l + p. Let r = -19 + l. Is r a prime number?
True
Suppose -19794 = 5*a - 144. Let r = -571 - a. Is r composite?
False
Let b(u) = 5*u**2 - 4*u + 2*u + 3*u + 13. Let j = -1354 - -1349. Is b(j) a prime number?
False
Let l be (9/(189/(-14)))/(4/90). Is (5/l)/(2/12) + 3795 a prime number?
True
Let u = -264481 + 1485374. Is u prime?
True
Suppose -3*q + 2*r + 237 = 0, -3*q + 5*r + 148 = -80. Suppose -3*s - q + 564 = 0. Is s a composite number?
True
Let b(a) = 6*a**2 + 7*a + 3. Let o be b(-3). Let g = 38 - o. Is -1*g/5 - (-30148)/20 prime?
False
Let h be (-69)/(-46)*-20*(-43)/(-6). Suppose 7*u + 20 = 3*u, -53 = 3*i - 2*u. Let g = i - h. Is g composite?
True
Suppose 0 = -105*q + 98*q. Suppose 5*r + 2*f + 0*f - 17939 = q, -3*f = -6. Is r a prime number?
False
Let r be (12144/(-15))/(2/10). Let x = -21946 - -12961. Let g = r - x. Is g prime?
True
Let o = 519 + -541. Is 66/121 - 187934/o prime?
True
Let w(y) = -2082*y + 1049. Is w(-16) a prime number?
True
Suppose 4*b - 3594 = -5*p - 16274, 5*b = 0. Let q = 4275 + p. Is q a prime number?
False
Suppose -43816 = 29*m - 831398. Is (27/81)/(m/13578 - 2) a composite number?
True
Let a be 746/(-14) + (-4)/(-14). Suppose 0 = 7*v + 12*v - 9462. Let s = v + a. Is s composite?
True
Suppose 0 = -4*o + 5*c + 3132321, -146214 - 636889 = -o - 2*c. Is o prime?
True
Let b(r) = r**2 - 34*r - 35. Let p be b(35). Suppose -5*a - d + 38061 = 0, a - d + 3523 - 11140 = p. Is a composite?
True
Let m be 20122/(-6) - 132/99. Let p = m - -5660. Is p a prime number?
False
Let w = -213130 - -361164. Is w a prime number?
False
Suppose -3*u + 2182 - 12946 = 0. Let s = 1367 + u. Let a = -1034 - s. Is a a prime number?